Suppose 4*a - 6*a - 14 = 0. Let k = a + s. What is the units digit of k?
7
Suppose 0 = 9*o - 7*o - 1426. What is the units digit of o?
3
What is the hundreds digit of -5 + (-3186)/(-5 - 1) + 5?
5
Suppose -2*r + 110 = 4*g, -2*g = 4 - 0. Let t be 2 + -4*(1 - -9). Let z = t + r. What is the units digit of z?
1
Let b be (-3 - -4)/((2/226)/1). Suppose 35 = 2*r - b. What is the units digit of r?
4
Let g be -5 - 5/((-15)/(-6)). Let h(u) = -u**3 - 6*u**2 + 6*u - 5. Let r be h(g). Suppose -l - r*l + 36 = 0. What is the units digit of l?
2
Let w(g) = -g**3 - 6*g**2 + 20*g - 8. What is the units digit of w(-9)?
5
Let l = 10998 + -6107. What is the thousands digit of l?
4
Let x be -10*(-25)/10*4. Let l = 351 - x. What is the tens digit of l?
5
Suppose -12*y - 7*y = -2831. What is the units digit of y?
9
Suppose -2253 = -k - 5*u, 13642 = 6*k - 2*u + u. What is the tens digit of k?
7
Suppose -193 - 31 = -2*i. What is the hundreds digit of i?
1
Let g be (-10)/(-4)*(35/25 - -1). Suppose g*n - 2*n = 1084. What is the units digit of n?
1
Suppose 4*p = 2*j + 10, -5*p + 2*p + 13 = 4*j. Let f(z) = z**3 - 5*z**2 + 1. Let q be f(p). Let x = -16 - q. What is the units digit of x?
1
Suppose -31*t + 63560 = 4*t. What is the tens digit of t?
1
Let b be (-3)/((-24)/44)*4. Let i = b - 16. What is the units digit of i?
6
Let o = 2 + 24. Let y = o - 8. Let v = y - 7. What is the tens digit of v?
1
What is the hundreds digit of ((-1)/(-3))/(52/614796)?
9
Let r = -274 + 3773. What is the tens digit of r?
9
Let n = -11 - -7. What is the units digit of ((-54)/(-5))/(n/(-20))?
4
What is the tens digit of (-8)/((-40)/15)*17?
5
Suppose 41360 = 19*z + 1650. What is the thousands digit of z?
2
Let l be (-2)/12*-9 + 3387/(-6). What is the units digit of (-4)/10*(l + -22)?
4
Let g be 3/(-7) - 5/((-105)/4734). Suppose -3*d - 6*d + g = 0. What is the units digit of d?
5
What is the tens digit of (-9 - (-11 - -4)) + 555?
5
Suppose 3*f = k + 1223, -283 = -2*f - 5*k + 538. What is the units digit of (f/(-40))/(1/(-5))?
1
What is the hundreds digit of 36/7 + 24/(-168) - -802?
8
Suppose 20*g + 8 = 21*g. Let k(h) = h**3 - 8*h**2 + 3*h - 12. Let j be k(g). What is the units digit of j/(-4 + 8) - -25?
8
Let c(a) = -2 + 2 - 32*a + 2. Let p be c(-1). Let g = p - 21. What is the tens digit of g?
1
Let i = 498 - -366. What is the hundreds digit of i?
8
Let s = -48 - -40. What is the units digit of (-2)/s - (-4 - 1338/24)?
0
Let j = -6 + 9. Suppose -2*p + 2 = 3*n, -n + j*p = -9 - 10. Let v(h) = 2*h - 6. What is the units digit of v(n)?
2
Suppose 0 = 2*c - 1513 + 389. What is the hundreds digit of c?
5
Let f(g) = 2*g - 5. Let q(z) = 3*z - 9. Let v(k) = 5*f(k) - 3*q(k). Let p be v(0). Suppose 1 - 23 = -p*t. What is the units digit of t?
1
Suppose 0 = 4*k - 14 - 2. Suppose k*n = 3*n. Suppose n*o = -3*o + 93. What is the units digit of o?
1
Let j = -54 + 43. Let c(w) = w**3 + w**2 - 5*w - 2. Let p be c(-4). Let s = j - p. What is the units digit of s?
9
Let z(n) = -n**3 + 11*n**2 + 13*n - 8. Let d be z(12). What is the tens digit of ((-4)/3)/(d/(-654))?
1
Suppose -y = 5*m - 308, 3*y - 2*m + 1655 = 8*y. What is the units digit of y?
3
Let g be (8/10)/((-2)/(-145)). Suppose 4*o + g = 2*v - 0*v, -62 = -2*v + 2*o. What is the tens digit of v?
3
Let q(w) = -61*w + 922. What is the hundreds digit of q(7)?
4
Let r = 303 - 98. What is the hundreds digit of r?
2
Let q(k) = 28*k + 60. Let l(x) = -30*x - 59. Let u(m) = 5*l(m) + 4*q(m). What is the hundreds digit of u(-5)?
1
Let k(q) = 1 - 2*q**2 + q**2 + 0*q**2 - 4 - 14*q. Let x be k(-12). Suppose -3*u + 5*i + 12 = 0, u + 4*i = -0*u + x. What is the units digit of u?
9
Let d(s) = -3*s - 40. Let v be d(-23). Suppose v = w - 149. What is the units digit of w?
8
What is the hundreds digit of 2 - 3/(4 + (-5908)/1476)?
1
Let i = 690 - 212. What is the tens digit of i?
7
Suppose 17960 + 2512 = 8*u. What is the tens digit of u?
5
Suppose -q = -1 - 3, -3*v - 5*q + 1166 = 0. What is the tens digit of v?
8
What is the hundreds digit of (14672/12)/(14/(-6) - -3)?
8
Suppose j + 3 - 1 = o, 0 = -3*o + 15. Let d(p) = 39*p - 4. What is the tens digit of d(j)?
1
Suppose 0*c - 6 = -c. Suppose 0 = -n - 5*a - 85 - 58, 0 = -2*n + a - 275. What is the units digit of n/c*(0 + -1)?
3
Let d(s) = 23*s**2 + 5*s - 2. What is the hundreds digit of d(7)?
1
Suppose -2*m - 553 = -1643. Suppose m = 3*x + k, 0*k - 15 = -3*k. What is the units digit of x?
0
Let f(b) = 9*b + 170. What is the units digit of f(31)?
9
Suppose 1686 + 1146 = 6*t. What is the tens digit of t?
7
Let m = 103 + 275. Suppose -2*i = 4*h - m, -4*h + 3*i + 399 = -2*i. What is the units digit of h?
6
Let i(h) = h + 4. Let p be i(-4). Suppose -22 = -n - p*n - 3*y, y = -5. What is the units digit of n?
7
What is the tens digit of (-13 - -6) + 5 - -349?
4
What is the hundreds digit of ((-180)/135)/(1*1/(-309))?
4
Let z be -4*3*(-5)/30. Suppose 0 = z*s - a - 254, -a = 3*s - 335 - 56. What is the hundreds digit of s?
1
Suppose -29*m - 5124 = -71*m. What is the hundreds digit of m?
1
Let i be ((-10)/6)/(5 + 92/(-18)). What is the units digit of i - -275 - 2/1?
8
Let w(b) = b**2 + 9*b - 2. Suppose o + 14 = -l - o, 2*l - 5*o = -10. Let d be w(l). Suppose -2*z = d, -2*x - 3*z - 116 = -6*x. What is the tens digit of x?
2
Let x(r) = 131*r + 1472. What is the tens digit of x(0)?
7
Let b = -158 + 163. Suppose f - 50 - 15 = -3*p, b*p + f - 109 = 0. What is the units digit of p?
2
Suppose -4*o - 4*z + 9534 = -966, 5*z - 2609 = -o. What is the hundreds digit of o?
6
What is the units digit of -30*(1 + ((-9)/2)/3)?
5
Suppose -2*p = -5 - 5, -4341 = -2*v - 5*p. What is the units digit of v?
8
Let a(w) = w + 3. Let k be 0 - 1 - (-15 - -14). Let m be a(k). Suppose m*y = 7*y - 8. What is the units digit of y?
2
Suppose 1846 = i + 3*l, -43*i - 9244 = -48*i - l. What is the units digit of i?
9
Suppose 0 = -3*a + 3*b + 2067, 1264 + 1502 = 4*a + b. What is the tens digit of a?
9
What is the units digit of (3 + 2/(-1))/((-2)/(-10))?
5
Suppose 5*v + g = 1616, -4*v - 5*g + 1289 = -8*g. What is the units digit of v?
3
Let o(n) = 1 + 3 - 4*n + 2. Let l be o(4). What is the tens digit of ((-36)/l)/((-2)/(-15))?
2
Suppose -15*o + 972 = -13*o. What is the units digit of o/4 - (-6)/(-12)?
1
Let y = -3 - -6. What is the units digit of 49 + y*(-2)/(-6)?
0
Let j = -295 + 993. What is the tens digit of j?
9
Suppose 4*r = -2*t + 1846, -3*r - 4*t = -574 - 823. What is the units digit of r?
9
Let a = 14164 + -9988. What is the hundreds digit of a?
1
Suppose 6*o - 2030 = -332. Let l = -202 + o. What is the units digit of l?
1
Let c(v) = -v + 7. Let y be c(10). Let o = y - -6. Suppose 41 = o*f - 7. What is the units digit of f?
6
Suppose 0 = -3*f + u + 523, 0*u - 2 = -u. What is the units digit of f?
5
Let q(y) = 140*y**3 - 2*y**2 + 6. What is the thousands digit of q(2)?
1
Let i(t) = -7*t + 16. What is the tens digit of i(-20)?
5
Let r = -870 - -1410. Suppose -6*n = -18*n + r. What is the tens digit of n?
4
Suppose -4*a - 2*h + 2068 = 0, 4*a + 0*a + 5*h = 2074. What is the units digit of a?
6
Let o = 60 + 169. Suppose -217 = -m + 2*w - 7*w, -m + o = w. What is the hundreds digit of m?
2
What is the hundreds digit of 106 + -5 + 12 - 0/3?
1
Suppose 11*x - 2966 = -1041. What is the tens digit of x?
7
Let a(f) = -10*f - 13. Let s be 14 + 1 - (-3)/(-3). Suppose 0 = 4*l - 3*n - 2 + s, -34 = 3*l + 4*n. What is the units digit of a(l)?
7
Suppose 0 = -16*j + 15*j + 454. What is the hundreds digit of j?
4
Let j be ((3/(-6) - -1)*-6)/(-1). What is the units digit of (j/(18/21) + -1)*4?
0
Suppose -4*o + 404 = 4*b, -6*o + 2*o + 401 = b. Suppose -4*d + o = 2*k, k + 13 + 18 = d. What is the tens digit of d?
2
Let x(n) be the first derivative of n**3/3 + 7*n**2/2 + 2*n + 2. Let w be x(-14). Suppose -52 = -4*u + w. What is the tens digit of u?
3
Let n(m) = m**3 - 14*m**2 - 8*m - 16. Suppose -108 - 57 = -11*l. What is the tens digit of n(l)?
8
Let p(j) = 7*j**3 - 2*j**2 - j + 2. Let g be p(1). Suppose g*l = 16*l - 640. What is the units digit of l?
4
Let x(u) = u**2 + u + 2. Let m be x(-4). Let j(f) = f**3 - 14*f**2 + 4*f. What is the units digit of j(m)?
6
Let d = 91 - 87. Let g be -3*(-2 + -9 + -2). Let i = d + g. What is the units digit of i?
3
What is the hundreds digit of -11 + (